 236?
226
Calculate the remainder when 104 is divided by 19.
9
Calculate the remainder when 151 is divided by 84.
67
What is the remainder when 3462 is divided by 21?
18
Calculate the remainder when 4330 is divided by 195.
40
What is the remainder when 200 is divided by 31?
14
Calculate the remainder when 2323 is divided by 14.
13
Calculate the remainder when 238 is divided by 110.
18
What is the remainder when 1170 is divided by 78?
0
Calculate the remainder when 6115 is divided by 133.
130
Calculate the remainder when 14830 is divided by 2471.
4
Calculate the remainder when 692 is divided by 77.
76
What is the remainder when 309 is divided by 87?
48
What is the remainder when 221 is divided by 37?
36
What is the remainder when 40 is divided by 3?
1
Calculate the remainder when 939 is divided by 8.
3
Calculate the remainder when 89 is divided by 19.
13
Calculate the remainder when 136 is divided by 72.
64
What is the remainder when 583 is divided by 118?
111
What is the remainder when 184 is divided by 3?
1
Calculate the remainder when 1509 is divided by 17.
13
What is the remainder when 978 is divided by 7?
5
What is the remainder when 2050 is divided by 158?
154
What is the remainder when 309 is divided by 104?
101
What is the remainder when 83 is divided by 22?
17
What is the remainder when 541 is divided by 134?
5
What is the remainder when 456 is divided by 40?
16
What is the remainder when 1524 is divided by 2?
0
Calculate the remainder when 4879 is divided by 222.
217
What is the remainder when 2876 is divided by 144?
140
Calculate the remainder when 27118 is divided by 12.
10
Calculate the remainder when 102 is divided by 96.
6
What is the remainder when 983 is divided by 196?
3
What is the remainder when 3038 is divided by 76?
74
Calculate the remainder when 2556 is divided by 2.
0
What is the remainder when 110 is divided by 37?
36
What is the remainder when 370 is divided by 24?
10
Calculate the remainder when 170 is divided by 87.
83
What is the remainder when 1158 is divided by 28?
10
What is the remainder when 505 is divided by 34?
29
What is the remainder when 419 is divided by 21?
20
What is the remainder when 75 is divided by 40?
35
What is the remainder when 324 is divided by 41?
37
Calculate the remainder when 1662 is divided by 786.
90
What is the remainder when 159 is divided by 18?
15
Calculate the remainder when 101 is divided by 17.
16
Calculate the remainder when 1117 is divided by 14.
11
What is the remainder when 145 is divided by 25?
20
Calculate the remainder when 1478 is divided by 37.
35
Calculate the remainder when 104 is divided by 30.
14
What is the remainder when 224 is divided by 27?
8
Calculate the remainder when 4065 is divided by 22.
17
Calculate the remainder when 619 is divided by 137.
71
Calculate the remainder when 2669 is divided by 26.
17
Calculate the remainder when 424 is divided by 112.
88
Calculate the remainder when 410 is divided by 34.
2
What is the remainder when 86 is divided by 76?
10
What is the remainder when 1112 is divided by 18?
14
What is the remainder when 1915 is divided by 16?
11
Calculate the remainder when 4324 is divided by 103.
101
What is the remainder when 279 is divided by 57?
51
What is the remainder when 356 is divided by 266?
90
Calculate the remainder when 1826 is divided by 30.
26
What is the remainder when 28 is divided by 4?
0
Calculate the remainder when 5 is divided by 3.
2
What is the remainder when 293 is divided by 90?
23
What is the remainder when 44 is divided by 32?
12
Calculate the remainder when 332 is divided by 85.
77
What is the remainder when 1097 is divided by 474?
149
What is the remainder when 143 is divided by 72?
71
What is the remainder when 113 is divided by 57?
56
What is the remainder when 11321 is divided by 306?
305
Calculate the remainder when 76 is divided by 11.
10
What is the remainder when 650 is divided by 109?
105
Calculate the remainder when 224 is divided by 18.
8
Calculate the remainder when 13 is divided by 11.
2
What is the remainder when 170 is divided by 20?
10
Calculate the remainder when 613 is divided by 154.
151
Calculate the remainder when 508 is divided by 73.
70
Calculate the remainder when 310 is divided by 24.
22
What is the remainder when 503 is divided by 72?
71
What is the remainder when 3235 is divided by 75?
10
Calculate the remainder when 1471 is divided by 36.
31
What is the remainder when 856 is divided by 39?
37
What is the remainder when 278 is divided by 144?
134
What is the remainder when 517 is divided by 119?
41
Calculate the remainder when 495 is divided by 160.
15
What is the remainder when 6491 is divided by 171?
164
What is the remainder when 123 is divided by 88?
35
Calculate the remainder when 412 is divided by 52.
48
Calculate the remainder when 281 is divided by 11.
6
What is the remainder when 798 is divided by 25?
23
What is the remainder when 802 is divided by 33?
10
What is the remainder when 1404 is divided by 19?
17
Calculate the remainder when 74 is divided by 18.
2
What is the remainder when 230 is divided by 137?
93
Calculate the remainder when 206 is divided by 20.
6
What is the remainder when 112 is divided by 84?
28
What is the remainder when 24 is divided by 9?
6
Calculate the remainder when 321 is divided by 71.
37
What is the remainder when 466 is divided by 30?
16
Calculate the remainder when 2837 is divided by 2825.
12
What is the remainder when 222 is divided by 53?
10
What is the remainder when 318 is divided by 54?
48
Calculate the remainder when 114 is divided by 47.
20
Calculate the remainder when 5420 is divided by 13.
12
What is the remainder when 584 is divided by 168?
80
Calculate the remainder when 10916 is divided by 163.
158
What is the remainder when 2833 is divided by 17?
11
What is the remainder when 217 is divided by 51?
13
What is the remainder when 1387 is divided by 4?
3
What is the remainder when 597 is divided by 43?
38
What is the remainder when 242 is divided by 120?
2
Calculate the remainder when 429 is divided by 43.
42
What is the remainder when 80 is divided by 22?
14
Calculate the remainder when 172 is divided by 123.
49
Calculate the remainder when 20 is divided by 11.
9
What is the remainder when 696 is divided by 163?
44
Calculate the remainder when 2505 is divided by 19.
16
What is the remainder when 2568 is divided by 78?
72
What is the remainder when 15 is divided by 1?
0
Calculate the remainder when 845 is divided by 16.
13
What is the remainder when 24 is divided by 3?
0
What is the remainder when 120 is divided by 72?
48
Calculate the remainder when 74 is divided by 22.
8
Calculate the remainder when 237 is divided by 10.
7
What is the remainder when 1102 is divided by 14?
10
Calculate the remainder when 8549 is divided by 30.
29
Calculate the remainder when 573 is divided by 48.
45
Calculate the remainder when 731 is divided by 142.
21
Calculate the remainder when 305 is divided by 96.
17
Calculate the remainder when 306 is divided by 74.
10
What is the remainder when 163 is divided by 161?
2
Calculate the remainder when 907 is divided by 313.
281
Calculate the remainder when 1253 is divided by 114.
113
Calculate the remainder when 2787 is divided by 15.
12
Calculate the remainder when 168 is divided by 19.
16
What is the remainder when 1019 is divided by 68?
67
What is the remainder when 194 is divided by 69?
56
Calculate the remainder when 8023 is divided by 59.
58
What is the remainder when 90 is divided by 24?
18
Calculate the remainder when 1606 is divided by 161.
157
What is the remainder when 1378 is divided by 69?
67
What is the remainder when 1425 is divided by 238?
235
What is the remainder when 83 is divided by 35?
13
Calculate the remainder when 6684 is divided by 1670.
4
Calculate the remainder when 117933 is divided by 72.
69
Calculate the remainder when 79 is divided by 47.
32
Calculate the remainder when 391 is divided by 99.
94
What is the remainder when 784 is divided by 4?
0
Calculate the remainder when 1164 is divided by 10.
4
Calculate the remainder when 228 is divided by 179.
49
Calculate the remainder when 455 is divided by 176.
103
What is the remainder when 711 is divided by 20?
11
What is the remainder when 622 i